*2 - 1. Let c be z(2). Let d = 0 + c. Suppose 4*w - 2*m = -26, 0*w = -d*w - 2*m - 9. Calculate o(w).
-13
Let h(n) = 11. Let r(x) = -x + 68. Let j(w) = -5*h(w) + r(w). Calculate j(7).
6
Let o(g) = -6*g + 1. Suppose -r + 7 = 5*j + 4, -r + 3*j = -3. What is o(r)?
-17
Let o = -50 + 51. Let g be ((-1)/1)/(2/(-4)). Let r(k) = 5 - g - 2 - 2*k. Calculate r(o).
-1
Let c = -1 + 4. Suppose -5*x + 4*k = -1, c*x + 3*k - 14 + 35 = 0. Let a(d) = -47 - 4*d**2 - d**3 + 51 - 15*d + 14*d. What is a(x)?
-2
Let i = 3 - 5. Let r(c) = -c**2 - c**3 - c**2 - 3 - 519*c + 515*c. Determine r(i).
5
Let u(m) = 32*m + 1. Let c be 6 + -1 - ((-12)/1 + 18). Give u(c).
-31
Suppose -5*y - 12 = -y. Let m be (-1)/y - (-16)/(-12). Let x(u) = -3*u**2 - 2*u - 1. Determine x(m).
-2
Let l(u) = 5*u**2 - 1. Let d(y) = 3*y + 4. Let i be d(-1). What is l(i)?
4
Let t(j) = -8*j**2 + j + 1. Let x = -36 - -40. Suppose 0 = -v + 6*v - 3*o + 20, x*v + 19 = 3*o. Give t(v).
-8
Let r = -169 + 167. Let j(y) = -2 - 2*y + 0*y + 0*y. Determine j(r).
2
Let d(u) be the first derivative of 2*u**4 - u - 1/2*u**2 + 1 + 1/3*u**3. Determine d(-1).
-7
Let h(k) = -k**3 + 6*k**2 - 3*k - 7. Let t be h(5). Let a(n) = 269*n**2 + 2 + 3*n - n**3 - 3 - 268*n**2. Calculate a(t).
-10
Let o = -13 + 20. Let y(c) be the first derivative of -c**4/4 + 7*c**3/3 - c**2/2 + 9*c + 1064. What is y(o)?
2
Let b(r) = -7*r**2 + 10*r + 7. Let n(g) = 3*g**2 - 5*g - 3. Let w = -987 + 983. Let d be (1 - 1*-2)*-3. Let o(s) = d*n(s) + w*b(s). Determine o(-6).
5
Let j be (15 + -10)*(-2)/5. Let g be (0 - j) + (-7 - -2). Let z(a) = 2*a + 2. Give z(g).
-4
Suppose -152 = 103*g - 122*g. Let h(t) = -6*t + 17. What is h(g)?
-31
Let l(y) = -3*y - 3. Suppose 6*x + 72 = 2*x. Let i = x + 45. Suppose 4*h = 5*t + i, 0 - 24 = -5*h + 3*t. What is l(h)?
-12
Let y be ((-3)/(-9)*1)/((-4)/12). Let v(b) = -13*b**3 + 2*b**2 + 2*b + 1. Give v(y).
14
Let p(w) = -9*w - 7. Let a = -547 - -542. What is p(a)?
38
Let v(g) = -17*g**2 - g - 5. Let u(t) = 54*t**2 + 5*t + 15. Let n(d) = -6*u(d) - 19*v(d). Give n(-10).
15
Suppose -2*b = m + 14, -4*m - 5*b - 36 = 14. Let h = 16 + m. Let y(d) be the first derivative of -d**2/2 - 6*d + 1. Give y(h).
-12
Let r(p) = -3*p**3 + 2*p**3 + 4 + 8*p**2 - 4*p**2. Let c = 751 - 746. Calculate r(c).
-21
Let l(k) be the third derivative of -k**7/840 + k**5/40 - k**4/24 + k**3/3 + 10*k**2. Let r(a) be the first derivative of l(a). Determine r(3).
-19
Let v(j) = 4 + 2 + j**2 - 9 - 4*j + 0*j**2. Let a(d) = d**3 - 6*d**2 + 5*d + 3. Let l be a(5). Determine v(l).
-6
Let l(f) = f**3 + 6*f**2 + 4*f - 5. Let h be l(-5). Let k(d) = -87*d**2 - 52*d**2 - 3 - d + 140*d**2. Give k(h).
-3
Suppose r + 4 - 3 = 0. Let q = -1 - r. Let g(l) = -2*l - l**3 + q*l**3 + 3*l**3 + 4*l**2 - 4 - 3*l**3. Give g(3).
-1
Let m = 5 - 11. Let j be (-1)/6 + (-19)/m. Let t be (j/2)/(6/12). Let p(v) = 2*v**2 - 5*v + 3. Give p(t).
6
Let f(k) be the first derivative of 3*k**2/2 - 4*k + 367. Give f(-7).
-25
Let u(i) = 2*i + 2. Let p(f) = 15*f + 62. Let r be p(-4). Determine u(r).
6
Let z(g) = -4*g**2 - 2*g + 7. Let k(q) = -2*q**2 - q + 4. Let w(l) = 7*k(l) - 4*z(l). Calculate w(-2).
6
Let d(k) = 3*k**2 + 2*k + 9. Let h(x) = 8*x**2 + 4*x + 26. Let m(u) = 11*d(u) - 4*h(u). What is m(-6)?
-5
Suppose 4*l - 87 = 2*h + 3*h, h = -l + 33. Let z(f) = -36 - 5*f + l + 4*f. Let b(n) = -2*n + 4. Let k be b(4). Determine z(k).
-4
Let z(f) = 9 + 4 + 5 - f**3 - 23 + 21*f**2 + 31*f + 9*f**2. What is z(31)?
-5
Suppose 27 = -22*c + 27*c - 3*i, 3*i = 3. Let j(o) = o**3 - 6*o**2 + 3. Determine j(c).
3
Let o(y) = y**3 + 2*y + 1. Let i(l) = -5*l - 14. Let z(k) = -11*k - 29. Let q(a) = 9*i(a) - 4*z(a). Let x be q(-8). Determine o(x).
-11
Let u(l) = 8*l - 21 - 7*l**2 + l**3 - 6*l - 7*l + 23 + l**2. Calculate u(3).
-40
Let s(m) = 9*m + 31. Let f be s(-4). Let c(o) = -o**2 - 2*o + 4. Calculate c(f).
-11
Let f(q) = -q**3 - 4*q**2 + q + 8. Suppose -6*g - 5 = -g, 5*g = -2*r - 13. What is f(r)?
4
Suppose -2*f + 1 = 9. Let t be f/14 + 2/7. Let a = t + 4. Let z(g) = g**3 - 4*g**2. Determine z(a).
0
Let m(o) = o - 1. Let h(j) = -j**2 + j + 8. Let l(w) = -h(w) - m(w). What is l(-5)?
28
Let u(l) = -9*l + 1. Let f(k) = 18*k - 2. Let q(a) = -3*f(a) - 5*u(a). Suppose 165 - 131 = -34*y. Calculate q(y).
10
Let c(m) = -1 - 9*m**2 + 23*m**2 - 13*m**2. Let y be 1/2 - (-2)/(-4). Suppose u + 4*u + 10 = y. Determine c(u).
3
Let f(s) = -s**2 - 15*s + 18. Let z(y) = -y + 2. Let q(t) = -f(t) + 5*z(t). Determine q(-11).
3
Let o(v) = 5*v**2 + v**3 - 3*v**2 + 3*v**2 + 7*v - 26 + 33 + v**2. Suppose 3*x = z - 20, -x - 5*z + 11 + 9 = 0. What is o(x)?
-3
Let j(u) = 5*u**2 + u. Let v be 4/(-8 - -12)*-2. What is j(v)?
18
Let n = 9 + -6. Let u(q) = 2*q**2 - 4*q + 1. Let h be u(n). Let g(x) = -38*x + 16. Let r(c) = 14*c - 5. Let l(t) = -3*g(t) - 8*r(t). Calculate l(h).
6
Let h(w) = 14 - 3 + 14*w**3 - 14*w - 23 - 20*w**2. Let s(n) = 5*n**3 - 7*n**2 - 5*n - 4. Let v(d) = -4*h(d) + 11*s(d). Calculate v(4).
-8
Let c(g) = -10*g - 44. Let v(z) = z + 3. Let u(r) = c(r) + 12*v(r). Calculate u(13).
18
Let m(h) = -h**2 - h. Let n(r) = 2*r + 3. Let i be n(-2). Let t be -1 + ((-3)/i)/3. Give m(t).
0
Suppose 23*w = -9 + 9. Let h(r) = r - 15. What is h(w)?
-15
Let n(j) = -j**3 - 9*j**2 + 10. Let k(o) = o**2 + 18*o + 23. Let m be k(-16). Determine n(m).
10
Let f(m) be the first derivative of 3/4*m**4 - m - 3 + 1/2*m**2 + 1/3*m**3. Let d(a) = 2*a + 7. Let v be d(-3). Calculate f(v).
4
Let f(m) be the first derivative of 1/3*m**3 - 2*m**2 + 9*m - 14. Calculate f(6).
21
Let z(p) = -5*p**2 + 15*p - 14. Let a(u) = -u**2 - 1. Let d(b) = 4*a(b) - z(b). Determine d(7).
-46
Let c(x) = -3 + 5*x - 3 - 12*x. Let b = -5 + 10. Let j(n) = 3*n + 3. Let w(s) = b*j(s) + 2*c(s). Give w(-5).
-2
Let g(p) = -5*p. Let n(q) = 2*q + 3. Let l(v) = g(v) + 2*n(v). Let j = -4 - 2. Calculate l(j).
12
Let p = 102/29 - -115/58. Let d(m) be the second derivative of 6*m + 1/6*m**3 + p*m**2 + 0. Give d(-6).
5
Let z(c) = -c**2 + c - 14. Suppose -10 = 5*d, 5*d + 10 = -77*j + 74*j. What is z(j)?
-14
Let s(y) = -y**2 - 9*y - 7. Let h = 75 - 74. Suppose -2*u - 3*z + h = -4*u, 0 = 4*u + 3*z + 29. Determine s(u).
13
Suppose 179 = 5*p + 149. Let l(k) = k - 12. What is l(p)?
-6
Let t(y) = -y**3 - 3*y**2 - 3*y. Suppose 4*n = -0*n + 2*p + 20, 2*n + 5*p = 34. Suppose 0 = -z - n + 5. What is t(z)?
2
Let c(s) = -15 + 740*s - 744*s + 11 - 52. What is c(-13)?
-4
Let x(y) = -y**3 + y**2 - y - 1. Let p be x(-1). Let g be (-3)/(-1) - (7 + p). Let t(i) = i - 4. Calculate t(g).
-10
Let u(k) be the first derivative of -k**2/2 - 4*k + 24. Let f(l) = l**3 - 5*l**2 - 13*l - 12. Let v be f(7). Calculate u(v).
1
Let v(l) be the first derivative of -7*l**2 + 1. Let j be v(-1). Suppose -3*g = -5*g - j. Let c(f) = -f**3 - 6*f**2 + 7*f + 5. Calculate c(g).
5
Let l(d) = -d - 4. Suppose -3*c = -268 + 10. Suppose 0 = 2*x - c + 98. Give l(x).
2
Let j(m) = m**3 + 7*m**2 + 6*m - 6. Let h(w) = 3*w - 9. Let f be h(4). Let k be 0/(f + 0) + -4. Let a be ((-5)/2)/((-2)/k). Give j(a).
14
Let d be -2*(-9)/(-6) + 1. Let k(b) = -b**3 - b**2 - 2. Let m be k(d). Let z(l) = -1 - 6*l**2 + l**3 - l - m + 3*l + l. Determine z(5).
-13
Suppose 2*a - 4*a + 65 = -5*b, -2*b + 3*a - 37 = 0. Let p(i) = -37 - 7*i + 75 - 37. Let o(j) = -13*j + 2. Let u(l) = b*p(l) + 6*o(l). Calculate u(-5).
6
Let d(h) be the third derivative of 0*h + 5*h**2 + 0 - 5/24*h**4 - 1/3*h**3. Give d(-2).
8
Suppose 194*z - 203*z = -36. Let o(m) = -7*m**2 + 2*m - 2. Let y(c) = 6*c**2 - 2*c + 1. Let r(v) = 5*o(v) + 6*y(v). What is r(z)?
4
Let g(m) = -5*m**3 - 2*m**2 + 9*m + 10. Let v(z) = 2*z**3 + z**2 - 4*z - 5. Let u be 6/(-10) - 352/55. Let x(h) = u*v(h) - 3*g(h). Give x(0).
5
Let c(a) = 5*a + 5*a - 22*a + 14*a - 4. Calculate c(3).
2
Suppose 0 = -2*a - 0*x - 4*x - 6, -4*a + 27 = -5*x. Suppose -s = -a*v + 12, 3*s + 4*v - 2*v + 3 = 0. Let g(w) = -w**3 - 4*w**2 - 2*w - 3. Give g(s).
-6
Let i = 1167 - 1164. Let b(q) = 4*q**2 - 10*q - 4. Give b(i).
2
Let o(v) be the second derivative of v**5/10 + v**4/6 - v**3/2 - 3*v**2/2 + 2*v + 32. Determine o(-2).
-5
Let u(z) = -8*z + 29. Let s = -1146 - -1149. Calculate u(s).
5
Suppose -11*m + 29 = -26. Let q(f) = 12*f - 10*f - 6*f**2 + f**3 - 9*f - m - 2*f**3. Calculate q(-5).
5
Let o(l) = 13*l - 1. Let g(u) = 16*u - 1. Let w(r) = 5